{"id":200,"date":"2025-03-06T14:41:32","date_gmt":"2025-03-06T14:41:32","guid":{"rendered":"https:\/\/agaty-agaty.pl\/?post_type=product&#038;p=200"},"modified":"2025-12-03T13:28:40","modified_gmt":"2025-12-03T12:28:40","slug":"kolczyki-1","status":"publish","type":"product","link":"https:\/\/agaty-agaty.pl\/index.php\/produkt\/kolczyki-1\/","title":{"rendered":"Kolczyki &#8222;Powiew jesieni&#8221;"},"content":{"rendered":"<p class=\"\" style=\"text-align: center;\" data-start=\"42\" data-end=\"116\">Te eleganckie kolczyki \u0142\u0105cz\u0105 naturalne kamienie: <strong>agaty<\/strong> w delikatnych, ciep\u0142ych odcieniach oraz <strong>z\u0142ociste hematyty<\/strong>, kt\u00f3re dodaj\u0105 ca\u0142o\u015bci subtelnego po\u0142ysku.<br \/>\nZawieszone na biglu w kolorze z\u0142ota stanowi\u0105 doskona\u0142e uzupe\u0142nienie zar\u00f3wno codziennych, jak i wieczorowych stylizacji.<\/p>\n<p class=\"\" style=\"text-align: center;\" data-start=\"42\" data-end=\"116\">Doskonale pasuj\u0105 do os\u00f3b o <strong>jesiennym<\/strong> typie urody, podkre\u015blaj\u0105c ciep\u0142e tony sk\u00f3ry i naturaln\u0105 harmoni\u0119 kolorystyczn\u0105.<\/p>\n<p data-start=\"42\" data-end=\"116\">\n<p data-start=\"42\" data-end=\"116\">\n<h3 style=\"text-align: center;\"><strong>Informacja dotycz\u0105ca zam\u00f3wienia:<\/strong><\/h3>\n<p style=\"text-align: center;\">Je\u017celi preferujesz inn\u0105 d\u0142ugo\u015b\u0107 lub chcesz wymieni\u0107 pojedyncze elementy, podaj t\u0119 informacj\u0119 w uwagach do zam\u00f3wienia. Dzi\u0119ki temu b\u0119d\u0119 mog\u0142a przygotowa\u0107 kolczyki dostosowane specjalnie do Ciebie.<\/p>\n","protected":false},"excerpt":{"rendered":"<p>agaty, hematyty z\u0142ociste<\/p>\n<p>&nbsp;<\/p>\n","protected":false},"featured_media":202,"comment_status":"closed","ping_status":"closed","template":"","meta":[],"product_brand":[38],"product_cat":[50,23],"product_tag":[21,22,27,20],"class_list":{"0":"post-200","1":"product","2":"type-product","3":"status-publish","4":"has-post-thumbnail","6":"product_brand-jesien","7":"product_cat-jesien","8":"product_cat-kolczyki","9":"product_tag-agaty","10":"product_tag-hematyty","11":"product_tag-jesien","12":"product_tag-kolczyki","14":"first","15":"onbackorder","16":"taxable","17":"shipping-taxable","18":"purchasable","19":"product-type-simple"},"jetpack_sharing_enabled":true,"_links":{"self":[{"href":"https:\/\/agaty-agaty.pl\/index.php\/wp-json\/wp\/v2\/product\/200","targetHints":{"allow":["GET"]}}],"collection":[{"href":"https:\/\/agaty-agaty.pl\/index.php\/wp-json\/wp\/v2\/product"}],"about":[{"href":"https:\/\/agaty-agaty.pl\/index.php\/wp-json\/wp\/v2\/types\/product"}],"replies":[{"embeddable":true,"href":"https:\/\/agaty-agaty.pl\/index.php\/wp-json\/wp\/v2\/comments?post=200"}],"wp:featuredmedia":[{"embeddable":true,"href":"https:\/\/agaty-agaty.pl\/index.php\/wp-json\/wp\/v2\/media\/202"}],"wp:attachment":[{"href":"https:\/\/agaty-agaty.pl\/index.php\/wp-json\/wp\/v2\/media?parent=200"}],"wp:term":[{"taxonomy":"product_brand","embeddable":true,"href":"https:\/\/agaty-agaty.pl\/index.php\/wp-json\/wp\/v2\/product_brand?post=200"},{"taxonomy":"product_cat","embeddable":true,"href":"https:\/\/agaty-agaty.pl\/index.php\/wp-json\/wp\/v2\/product_cat?post=200"},{"taxonomy":"product_tag","embeddable":true,"href":"https:\/\/agaty-agaty.pl\/index.php\/wp-json\/wp\/v2\/product_tag?post=200"}],"curies":[{"name":"wp","href":"https:\/\/api.w.org\/{rel}","templated":true}]}}