{"id":437,"date":"2025-04-28T13:49:02","date_gmt":"2025-04-28T11:49:02","guid":{"rendered":"https:\/\/agaty-agaty.pl\/?post_type=product&#038;p=437"},"modified":"2025-12-03T13:12:55","modified_gmt":"2025-12-03T12:12:55","slug":"bransoletka-letnia-harmonia-5","status":"publish","type":"product","link":"https:\/\/agaty-agaty.pl\/index.php\/produkt\/bransoletka-letnia-harmonia-5\/","title":{"rendered":"Bransoletka &#8222;Letnia harmonia&#8221; #5"},"content":{"rendered":"<p class=\"\" style=\"text-align: center;\" data-start=\"166\" data-end=\"459\">Elegancka i subtelna bransoletka wykonana z wysokiej jako\u015bci <strong>jaspisu cesarskiego, howlitu,<\/strong> <strong>hematyt\u00f3w<\/strong>.\u00a0Starannie dobrana kompozycja barw i faktur tworzy wyrafinowan\u0105 ca\u0142o\u015b\u0107, kt\u00f3ra doskonale podkre\u015bli zar\u00f3wno codzienne, jak i bardziej wyj\u015bciowe stylizacje.<\/p>\n<p class=\"\" style=\"text-align: center;\" data-start=\"461\" data-end=\"662\">Ch\u0142odne, wywa\u017cone odcienie kamieni oraz z\u0142ote akcenty sprawiaj\u0105, \u017ce bransoletka idealnie pasuje do os\u00f3b o typie urody <strong data-start=\"579\" data-end=\"587\">lato<\/strong> oraz <strong data-start=\"593\" data-end=\"601\">zima<\/strong> \u2014 podkre\u015blaj\u0105c ich naturaln\u0105 harmoni\u0119 i delikatne kontrasty.<\/p>\n<h3 style=\"text-align: center;\"><strong>Informacja dotycz\u0105ca produkt\u00f3w wykonanych na \u017cy\u0142ce elastycznej:<\/strong><\/h3>\n<p style=\"text-align: center;\">Bransoletki z oferty standardowo s\u0105 wykonywane na nadgarstki o obwodach 16-18cm. Je\u017celi preferujesz inny rozmiar lub lu\u017aniejsze bransoletki, podaj t\u0119 informacj\u0119 w uwagach do zam\u00f3wienia. Dzi\u0119ki temu b\u0119d\u0119 mog\u0142a przygotowa\u0107 bransoletk\u0119 dostosowan\u0105 specjalnie do Ciebie, tak aby zapewni\u0107 Ci wygod\u0119 noszenia i idealne dopasowanie do nadgarstka.<\/p>\n","protected":false},"excerpt":{"rendered":"<p>howlit, jaspis cesarski, hematyt z\u0142ocisty<\/p>\n","protected":false},"featured_media":438,"comment_status":"closed","ping_status":"closed","template":"","meta":[],"product_brand":[],"product_cat":[24,35,48],"product_tag":[22,44,54,46,26],"class_list":{"0":"post-437","1":"product","2":"type-product","3":"status-publish","4":"has-post-thumbnail","6":"product_cat-bransoletki","7":"product_cat-lato","8":"product_cat-zima","9":"product_tag-hematyty","10":"product_tag-howlity","11":"product_tag-jaspis-cesarski","12":"product_tag-lato","13":"product_tag-zima","15":"first","16":"onbackorder","17":"taxable","18":"shipping-taxable","19":"purchasable","20":"product-type-simple"},"jetpack_sharing_enabled":true,"_links":{"self":[{"href":"https:\/\/agaty-agaty.pl\/index.php\/wp-json\/wp\/v2\/product\/437","targetHints":{"allow":["GET"]}}],"collection":[{"href":"https:\/\/agaty-agaty.pl\/index.php\/wp-json\/wp\/v2\/product"}],"about":[{"href":"https:\/\/agaty-agaty.pl\/index.php\/wp-json\/wp\/v2\/types\/product"}],"replies":[{"embeddable":true,"href":"https:\/\/agaty-agaty.pl\/index.php\/wp-json\/wp\/v2\/comments?post=437"}],"wp:featuredmedia":[{"embeddable":true,"href":"https:\/\/agaty-agaty.pl\/index.php\/wp-json\/wp\/v2\/media\/438"}],"wp:attachment":[{"href":"https:\/\/agaty-agaty.pl\/index.php\/wp-json\/wp\/v2\/media?parent=437"}],"wp:term":[{"taxonomy":"product_brand","embeddable":true,"href":"https:\/\/agaty-agaty.pl\/index.php\/wp-json\/wp\/v2\/product_brand?post=437"},{"taxonomy":"product_cat","embeddable":true,"href":"https:\/\/agaty-agaty.pl\/index.php\/wp-json\/wp\/v2\/product_cat?post=437"},{"taxonomy":"product_tag","embeddable":true,"href":"https:\/\/agaty-agaty.pl\/index.php\/wp-json\/wp\/v2\/product_tag?post=437"}],"curies":[{"name":"wp","href":"https:\/\/api.w.org\/{rel}","templated":true}]}}